).
12
Let q(j) = -j**3 - 10*j**2 - 41*j - 85. Calculate q(-6).
17
Let j(b) = -b**2 + 3*b + 6. Determine j(-5).
-34
Let l(g) = 2*g**2 - 8*g - 14. Determine l(-5).
76
Let s(b) = -2*b**3 - 26*b**2 + 2*b + 31. What is s(-13)?
5
Let v(q) = 3*q - 68. What is v(24)?
4
Let x(c) = -c**2 - 4*c + 44. Calculate x(-7).
23
Let v(q) = -q**3 - 9*q**2 + 2*q + 19. Give v(-9).
1
Let c(w) = -w**3 + 18*w**2 + 62*w + 16. Calculate c(21).
-5
Let v(f) = 3*f - 8. What is v(-6)?
-26
Let m(d) = 4*d + 16. What is m(-10)?
-24
Let g(u) = u**3 + 14*u**2 - 10*u + 62. Give g(-15).
-13
Let g(l) = -19*l - 9. Calculate g(-2).
29
Let x(y) = y**3 - 4*y**2 + y - 4. What is x(4)?
0
Let n(t) = -32*t + 1081. What is n(34)?
-7
Let q(w) = 6*w**3 - 6*w**2 + 7*w - 1. Give q(1).
6
Let i(d) = d**3 - 8*d**2 + 15*d - 7. Determine i(6).
11
Let j(y) = -2*y**3 + 13*y**2 - 8*y + 6. Determine j(6).
-6
Let g(o) = -o**2 - 9*o - 13. Determine g(-11).
-35
Let y(k) = -3*k**3 - 5*k**2 + 5*k - 3. Calculate y(2).
-37
Let t(w) = w - 29. Calculate t(13).
-16
Let n(o) = 2*o**2 + 31*o + 7. What is n(-16)?
23
Let y(a) = -a**3 + 6*a**2 - 6*a - 2. Give y(2).
2
Let f(j) = 69*j**3 + j**2 - j + 1. Determine f(1).
70
Let i(j) = 2*j**2 + 8*j + 7. Calculate i(-5).
17
Let n(l) = -l**2 - 13*l - 27. What is n(-7)?
15
Let b(j) = 49*j + 99. Calculate b(-2).
1
Let m(y) = 36*y - 7. Give m(-2).
-79
Let w(g) = -g**2 + g - 4. Give w(0).
-4
Let p(h) = -4*h + 53. Give p(6).
29
Let t(o) = 4*o**2 + 34*o + 5. Calculate t(-8).
-11
Let o(j) = -2*j**3 + 7*j**2 + 3*j - 4. Calculate o(4).
-8
Let q(p) = -2*p - 31. Determine q(-10).
-11
Let d(l) = -3*l - 5. Calculate d(-4).
7
Let t(j) = 4*j + 19. Determine t(-8).
-13
Let q(h) = -21*h - 174. Give q(-8).
-6
Let o(t) = -2*t**2 - 8*t + 16. Calculate o(-5).
6
Let y(t) = -t**2 + 2*t + 6. Give y(6).
-18
Let s(j) = 2*j**3 - j**2 - 156*j + 310. Give s(2).
10
Let t(l) = l**3 - 12*l**2 + 19*l + 2. Calculate t(10).
-8
Let m(o) = 5*o**3 - 4*o**2 - 2*o + 10. Calculate m(3).
103
Let h(s) = -s**3 + 2*s**2 + s + 2. Give h(3).
-4
Let m(v) = v**3 + 5*v**2 - 4*v + 4. Calculate m(-6).
-8
Let h(j) = j**2 - 14. Determine h(0).
-14
Let v(n) = -2*n + 4. Determine v(-6).
16
Let x(g) = 11*g - 8. What is x(3)?
25
Let a(h) = -h**3 - 10*h**2 - h + 5. What is a(-10)?
15
Let g(f) = 3*f + 114. What is g(-41)?
-9
Let c(i) = -10*i + 64. Calculate c(14).
-76
Let u(a) = -37*a**2 + 1. Determine u(-1).
-36
Let x(j) = -7*j**3 + j**2 - 2*j - 1. What is x(2)?
-57
Let r(b) = -b**3 - 23*b**2 - 43*b + 21. Determine r(-21).
42
Let y(f) = 3*f**2 + 5*f + 4. Calculate y(-2).
6
Let z(i) = -10*i + 38. Determine z(5).
-12
Let h(o) = 8*o - 16. Determine h(2).
0
Let h(l) = l**2 - 6*l - 114. Calculate h(14).
-2
Let d(x) = 2*x + 4. Give d(-5).
-6
Let q(j) = j**2 - 3*j - 6. Determine q(-3).
12
Let n(y) = y**3 - 17*y**2 - y + 23. Give n(17).
6
Let w(y) = y**3 + 3*y**2 + 6*y + 5. Give w(-2).
-3
Let l(y) = -3*y - 82. What is l(-28)?
2
Let u(i) = i**3 + 9*i**2 + 12*i + 31. What is u(-8)?
-1
Let n(j) = -6*j**2 - 32*j - 9. Give n(-4).
23
Let s(u) = u**3 - 15*u**2 + 12*u + 26. Calculate s(14).
-2
Let y(u) = 2*u**2 + 2*u - 12. Give y(2).
0
Let f(p) = p + 10. Give f(-2).
8
Let d(m) = -m**3 - 15*m**2 - 6*m - 90. Calculate d(-15).
0
Let v(h) = 3*h + 2. Determine v(6).
20
Let p(v) = -4*v + 8. What is p(2)?
0
Let k(j) = j**3 - 15*j**2 + 16*j - 31. Calculate k(14).
-3
Let w(r) = r**2 - 2*r - 12. Determine w(6).
12
Let f(w) = 16*w + 18. Calculate f(2).
50
Let s(r) = 4*r**3 - r**2 - 6*r + 6. Calculate s(1).
3
Let g(t) = t**3 - 10*t**2 + 14*t + 16. What is g(9)?
61
Let d(b) = -17*b + 5. What is d(-4)?
73
Let p(f) = -10*f - 27. Calculate p(-6).
33
Let s(j) = 2*j**3 - 13*j**2 - 9*j + 2. What is s(7)?
-12
Let s(r) = -r**2 - 3*r + 60. Calculate s(8).
-28
Let o(c) = -2*c**3 + c**2 - 7*c + 14. Calculate o(2).
-12
Let w(p) = -7*p - 443. Calculate w(-63).
-2
Let b(n) = 10*n + 264. Give b(-26).
4
Let y(x) = -x**3 - 5*x**2 + 2*x + 17. Calculate y(-5).
7
Let a(c) = c - 51. What is a(23)?
-28
Let i(z) = 13*z + 11. Calculate i(-5).
-54
Let t(q) = q**2 - 12*q + 6. Calculate t(7).
-29
Let l(s) = 2*s**2 + s + 1. Give l(-3).
16
Let p(v) = -v**3 - 2*v**2 - 2*v - 10. Calculate p(0).
-10
Let t(s) = s**2 + 2*s + 6. Calculate t(-3).
9
Let m(w) = w**3 - 8*w**2 - 10*w + 7. Determine m(9).
-2
Let l(y) = -2*y**3 - 3*y**2 - 4*y - 5. Give l(-2).
7
Let h(u) = -29*u - 52. What is h(-2)?
6
Let v(t) = t**3 + 35*t**2 - 3*t - 104. What is v(-35)?
1
Let v(r) = 4*r**3 + 2*r + 5. What is v(-2)?
-31
Let f(h) = 10*h - 65. Calculate f(4).
-25
Let i(v) = -3*v**2 - v + 2. What is i(-4)?
-42
Let n(a) = 5*a**2 - 34*a - 56. Calculate n(8).
-8
Let q(r) = -r**3 + r**2 + r + 11. Calculate q(0).
11
Let y(o) = -4*o - 5. What is y(-2)?
3
Let a(g) = g**2 - 18*g - 18. What is a(18)?
-18
Let a(b) = 5*b**2 - 15*b - 1. Give a(5).
49
Let l(a) = -a**3 - 10*a**2 - 15*a - 28. Calculate l(-9).
26
Let m(p) = 39*p**2 - 2*p. Calculate m(1).
37
Let q(k) = -k - 23. What is q(-17)?
-6
Let m(z) = 6*z - 11. What is m(6)?
25
Let o(g) = 2*g**3 + 18*g**2 - 20*g + 9. Calculate o(-10).
9
Let z(y) = y**2 - 9*y - 7. Calculate z(9).
-7
Let w(y) = -25*y - 153. Determine w(-6).
-3
Let h(x) = -2*x + 1. What is h(-1)?
3
Let x(u) = -2*u**2 + 4*u - 13. What is x(-5)?
-83
Let w(j) = j**3 - 2*j**2 + 9*j - 8. Give w(1).
0
Let l(j) = -4*j + 3. What is l(2)?
-5
Let c(t) = t**3 - 20*t**2 + 35*t + 18. Calculate c(18).
0
Let i(l) = l**3 - l**2 - 5*l + 2. Calculate i(3).
5
Let o(p) = 9*p - 6. Determine o(4).
30
Let t(g) = -g**2 + 3*g + 7. Give t(3).
7
Let g(s) = s**3 - 4*s**2 - 9*s + 20. Determine g(7).
104
Let s(m) = -2*m**2 - 13*m + 6. Determine s(-9).
-39
Let h(i) = i**2 + 10*i - 5. Calculate h(-11).
6
Let i(d) = 3*d + 12. Give i(-4).
0
Let q(o) = -4*o - 10. Calculate q(-3).
2
Let q(c) = -c**3 - 3*c**2 + 10*c + 35. What is q(-4)?
11
Let m(g) = 5*g + 27. Give m(6).
57
Let i(o) = -o**2 + 27*o + 34. Determine i(29).
-24
Let j(u) = -7*u**2 - 43*u - 6. What is j(-6)?
0
Let y(q) = 33*q + 428. Give y(-13).
-1
Let x(f) = f**2 + 7*f - 44. Calculate x(-12).
16
Let n(y) = 32*y + 200. What is n(-6)?
8
Let p(k) = -k - 2. What is p(-6)?
4
Let t(z) = -2*z**3 + 14*z**2 + 6*z - 2. What is t(7)?
40
Let q(m) = 2*m - 25. Give q(5).
-15
Let r(m) = m**3 + 8*m**2 + 13*m + 54. Give r(-7).
12
Let w(v) = v**2 + 7*v + 13. Determine w(-6).
7
Let w(c) = -c**2 - 15*c - 5. Give w(-15).
-5
Let n(o) = 6*o + 68. What is n(-11)?
2
Let m(y) = -y**2 - 171*y + 346. Determine m(2).
0
Let h(m) = -m. What is h(10)?
-10
Let z(i) = -i**3 + 7*i**2 + 7*i + 11. What is z(8)?
3
Let d(h) = h**3 + 8*h**2 + 4*h - 1. Determine d(-5).
54
Let b(w) = w - 6. What is b(-5)?
-11
Let l(y) = -y**3 + 9*y**2 - 14*y + 2. Give l(7).
2
Let i(x) = x**3 - 9*x**2 + 9*x - 11. Determine i(8).
-3
Let j(m) = m**2 - 12*m - 113. Give j(18).
-5
Let k(w) = 2*w**2 - 5. Determine k(-4).
27
Let n(o) = -4*o - 76. Calculate n(-17).
-8
Let h(s) = s**2 - 9*s + 8. Give h(7).
-6
Let h(g) = -g**2 + 2*g + 347. Give h(-18).
-13
Let v(d) = 2*d - 15. Give v(7).
-1
Let b(t) = 7*t + 63. Calculate b(-9).
0
Let f(h) = 92*h**2 - 550*h - 10. Determine f(6).
2
Let c(v) = -3*v**2 - 68*v + 56. Give c(-24).
-40
Let g(j) = -j**3 + 6*j**2 + 3*j - 2. Determine g(5).
38
Let t(a) = a**2 + 6*a - 7. Determine t(-7).
0
Let l(m) = -81*m - 967. Determine l(-12).
5
Let r(l) = -3*l + 1. Calculate r(6).
-17
Let u(r) = -r**3 + 4*r**2 + 11*r - 36. Give u(5).
-6
Let q(t) = -2*t**2 + 2*t + 12. Determine q(5).
-28
Let d(g) = 3*g - 17. Give d(14).
25
Let k(t) = -t**3 - 4*t**2 - 2*t - 26. Give k(-5).
9
Let h(u) = -2*u - 3. Determine h(-3).
3
Let x(r) = -r**3 - 7*r**2 - 6*r + 2. Determine x(-6).
2
Let d(v) = -5*v - 33. Determine d(-7).
2
Let g(q) = -q**3 - 5*q**2 + 24*q + 12. Give g(-8).
12
Let g(t) = t + 15. Give g(-13).
2
Let z(w) = w + 2. What is z(-9)?
-7
Let h(c) = 10*c + 26. Calculate h(-3).
-4
Let i(y) = y**2 - 6*y + 5. Give i(8).
21
Let w(b) = 3*b**2 - 29*b + 12. Give w(9).
-6
Let b(x) = 2*x + 2. Determine b(-6).
-10
Let l(t) = 5*t + 66. What is l(-12)?
6
Let b(p) = -2*p - 12. Give b(-5).
-2
Let z(m) = -m - 4. What is z(-6)?
2
Let b(d) = d**2 + 2*d + 2. Calculate b(5).
37
Let u(k) = -27*k - 19. Calculate u(-3).
62
Let u(q) = -17*q - 8. Give u(-5).
77
Let w(o) = o**2 - 9*o. What is w(8)?
-8
Let q(o) = -o + 23. Determine q(18).
5
Let m(i) = -2*i**2 + 9*i -